32261 prime?
False
Is 34277884721 prime?
True
Is 152524523843 a composite number?
False
Is 2423594851 a prime number?
False
Is 1340180473 a prime number?
True
Is 2623192049 a composite number?
True
Is 1214551937 a prime number?
False
Is 12902511451 a composite number?
False
Is 66617087 a composite number?
True
Is 812306569 a prime number?
True
Is 2129402791 composite?
False
Is 15836960263 prime?
False
Is 7453508093 a composite number?
False
Is 7194664969 a prime number?
True
Is 45862234087 prime?
False
Is 12727028381 a prime number?
False
Is 361424827 prime?
True
Is 6558469243 prime?
True
Is 8237805427 a composite number?
True
Is 2013276938 composite?
True
Is 172978427 composite?
False
Is 567683947 composite?
False
Is 61769494213 a composite number?
True
Is 172709318563 prime?
True
Is 314444119 a composite number?
True
Is 2777240653 prime?
False
Is 3718247791 a composite number?
True
Is 5513343911 prime?
False
Is 72041108927 a prime number?
True
Is 5274633178 composite?
True
Is 174764091059 a composite number?
False
Is 12664693357 a composite number?
False
Is 2903948623 prime?
False
Is 146406153949 a prime number?
False
Is 2889273581 a prime number?
False
Is 1217904341 composite?
True
Is 9393719891 composite?
False
Is 4825834291 prime?
False
Is 179080117 a prime number?
True
Is 11315424137 a prime number?
True
Is 3417975637 a prime number?
True
Is 40973515213 composite?
False
Is 319334177 a composite number?
False
Is 62373541 a prime number?
True
Is 8482148617 composite?
False
Is 23164023409 a prime number?
False
Is 1164969733 a prime number?
False
Is 4357131299 a prime number?
True
Is 8675871431 prime?
True
Is 1053733349 prime?
True
Is 5165431171 a prime number?
True
Is 31006672799 a prime number?
True
Is 336297979 a prime number?
True
Is 2372906617 prime?
True
Is 183352163 composite?
False
Is 5391949331 composite?
True
Is 5348228377 prime?
False
Is 248179602097 a prime number?
False
Is 20166091811 prime?
True
Is 1314790559 a prime number?
False
Is 841152313 a composite number?
True
Is 4040203913 prime?
False
Is 186781051099 a composite number?
True
Is 626519 a prime number?
True
Is 246007813 a prime number?
True
Is 283895363 prime?
False
Is 33238376695 a composite number?
True
Is 134556834383 a prime number?
True
Is 818323183 a composite number?
False
Is 120408649 a prime number?
True
Is 229381513 composite?
False
Is 53976600103 a composite number?
False
Is 28403520815 a prime number?
False
Is 99186791131 composite?
False
Is 306212957 a composite number?
True
Is 5591773141 a prime number?
False
Is 522565867 prime?
False
Is 11138348647 a composite number?
False
Is 569529061 a composite number?
False
Is 1969122581 a prime number?
False
Is 1768474637 composite?
False
Is 2327214941 a prime number?
False
Is 336461497 composite?
True
Is 22530796843 a prime number?
False
Is 1777357297 a prime number?
False
Is 63925556447 a prime number?
True
Is 2044299989 a composite number?
False
Is 1631394683 a prime number?
True
Is 16377173773 a prime number?
False
Is 23592542579 prime?
False
Is 7733917327 prime?
False
Is 1035854453 a composite number?
False
Is 11574019517 prime?
False
Is 1119077867 composite?
True
Is 199161115 prime?
False
Is 78810182203 prime?
False
Is 103814164939 composite?
True
Is 1938396847 a prime number?
False
Is 329184949 composite?
True
Is 8777330927 prime?
False
Is 90714984973 prime?
False
Is 28813805989 prime?
True
Is 13157356921 prime?
True
Is 7970044097 a prime number?
False
Is 4489528403 prime?
True
Is 15451890037 a prime number?
True
Is 8823866035 a prime number?
False
Is 2033471267 a prime number?
False
Is 22269739027 a prime number?
True
Is 995534623 a prime number?
True
Is 266949869 a prime number?
True
Is 3192082451 composite?
False
Is 546611137 a composite number?
False
Is 281998411 a prime number?
True
Is 161380604351 a prime number?
True
Is 1059366799 a prime number?
True
Is 14570255683 composite?
False
Is 81478667 composite?
False
Is 323948269 a composite number?
True
Is 26749005131 a prime number?
True
Is 25996716679 prime?
True
Is 132990388381 composite?
False
Is 1669428133 composite?
False
Is 24231588049 a prime number?
True
Is 66062691133 prime?
False
Is 387568324109 composite?
False
Is 41269373 a composite number?
False
Is 19256174381 a prime number?
False
Is 151933721 prime?
False
Is 10300827013 prime?
True
Is 7155563911 prime?
True
Is 4649117101 composite?
True
Is 82940663521 a composite number?
False
Is 2084125807 a composite number?
False
Is 2275679797 prime?
True
Is 480862903 a prime number?
True
Is 1228941193 prime?
True
Is 7037976723 prime?
False
Is 2998172623 a composite number?
True
Is 3948118571 a composite number?
True
Is 2170448097 a composite number?
True
Is 321434969 prime?
True
Is 21566009359 a prime number?
False
Is 29514814663 prime?
True
Is 85309135027 a prime number?
False
Is 56939091771 prime?
False
Is 4455670189 a prime number?
False
Is 4642123 a prime number?
True
Is 105299579597 a prime number?
True
Is 172268471 prime?
False
Is 64794368147 a prime number?
True
Is 2806680157 a prime number?
True
Is 7652733901 composite?
False
Is 6347508383 composite?
True
Is 331032363 a prime number?
False
Is 28430012749 a prime number?
True
Is 129059669 a composite number?
False
Is 1423883337 composite?
True
Is 10325397631 prime?
False
Is 33022120381 a composite number?
True
Is 113144803 composite?
False
Is 1887574123 a composite number?
False
Is 288917768351 prime?
True
Is 212105167019 prime?
False
Is 153898686139 prime?
False
Is 30955742953 a composite number?
True
Is 2322785251 a prime number?
False
Is 875639767 composite?
True
Is 21785029 a prime number?
False
Is 3446189223 a composite number?
True
Is 76341636473 prime?
False
Is 20144263319 a prime number?
True
Is 33181704037 prime?
True
Is 10384728791 prime?
True
Is 27587705813 prime?
True
Is 194003426627 a prime number?
True
Is 10631009003 a composite number?
True
Is 29534046251 a prime number?
False
Is 13814475737 a prime number?
True
Is 1628918827 a prime number?
True
Is 22519232147 a prime number?
True
Is 1628298577 composite?
True
Is 2992128349 a prime number?
False
Is 78696500509 a composite number?
True
Is 13914382793 a prime number?
True
Is 3603759349 a prime number?
False
Is 414829929 composite?
True
Is 7531670287 prime?
True
Is 56348761811 a composite number?
True
Is 21552516977 prime?
False
Is 18088757993 prime?
False
Is 34386405533 composite?
False
Is 1060173731 composite?
False
Is 29930595143 prime?
False
Is 4581884101 a prime number?
True
Is 12961231861 a composite number?
False
Is 16911007034 a prime number?
False
Is 4556024951 a prime number?
True
Is 9879739049 composite?
False
Is 64762696751 prime?
True
Is 8211893293 prime?
True
Is 626632595 a composite number?
True
Is 57912691751 a composite number?
False
Is 912695071 prime?
True
Is 10480910915 prime?
False
Is 250924057 a prime number?
True
Is 1573505737 a prime number?
False
Is 497940071 composite?
False
Is 541928903 prime?
False
Is 4332488257 prime?
True
Is 7500412649 a composite number?
False
Is 335029997 composite?
False
Is 1264591177 composite?
False
Is 29220309883 a prime number?
True
Is 44513145307 composite?
False
Is 75908387873 prime?
False
Is 48226545571 prime?
True
Is 1724823161 composite?
False
Is 17853397091 prime?
True
Is 7832667683 composite?
False
Is 81118379 a prime number?
False
Is 946083869 prime?
False
Is 1476864449 prime?
False
Is 6225416251 composite?
True
Is 50550749753 a prime number?
False
Is 5657809357 prime?
True
Is 1408532011 a composite number?
False
Is 344243059 prime?
False
Is 25777013 a composite number?
True
Is 2201317483 prime?
True
Is 56268859 composite?
False
Is 160353719 a composite number?
False
Is 5727056563 a prime number?
False
Is 476209997 a composite number?
False
Is 4963850741 a composite number?
False
Is 9322766729 a composite number?
False
Is 5557857761 a prime number?
False
Is 9271046887 a prime number?
False
Is 1069898743 composite?
True
Is 1648125007 prime?
False
Is 142787014849 prime?
False
Is 162731551 composite?
False
Is 5624838091 prime?
True
Is 8554682093 a composite number?
True
Is 7586647162 composite?
True
Is 11657446043 a composite number?
False
Is 131578189 a prime number?
True
Is 8213575173 a composite number?
True
Is 776372